{"id":44,"date":"2018-08-23T13:07:07","date_gmt":"2018-08-23T13:07:07","guid":{"rendered":"http:\/\/nepmesepont.hu\/tatabanya\/?page_id=44"},"modified":"2019-02-11T10:43:57","modified_gmt":"2019-02-11T10:43:57","slug":"galeriak","status":"publish","type":"page","link":"http:\/\/nepmesepont.hu\/tatabanya\/galeriak\/","title":{"rendered":"Gal\u00e9ri\u00e1k"},"content":{"rendered":"<h4 style=\"text-align: center\">2019. febru\u00e1r 2. &#8211; Gyertyaszentel\u0151 Boldogasszony napja<\/h4>\n<p>[envira-gallery slug=&#8221;174&#8243;]<\/p>\n<p style=\"text-align: center\"><strong>2018. okt\u00f3ber 31.<\/strong><\/p>\n<p>[envira-gallery slug=&#8221;2018-10-31&#8243;]<\/p>\n<p style=\"text-align: center\"><strong>2018. szeptember 28. &#8211; Kit\u00e1rta kapuit a tatab\u00e1nyai N\u00e9pmesePont<\/strong><\/p>\n<p>[envira-gallery slug=&#8221;2018-09-28-nyitorendezveny&#8221;]<\/p>\n","protected":false},"excerpt":{"rendered":"<p>2019. febru\u00e1r 2. &#8211; Gyertyaszentel\u0151 Boldogasszony napja [envira-gallery slug=&#8221;174&#8243;] 2018. okt\u00f3ber 31. [envira-gallery slug=&#8221;2018-10-31&#8243;] 2018. szeptember 28. &#8211; Kit\u00e1rta kapuit a tatab\u00e1nyai N\u00e9pmesePont [envira-gallery slug=&#8221;2018-09-28-nyitorendezveny&#8221;] <a class=\"continue-reading-link\" href=\"http:\/\/nepmesepont.hu\/tatabanya\/galeriak\/\">Continue reading<\/a><\/p>\n","protected":false},"author":1,"featured_media":30,"parent":0,"menu_order":0,"comment_status":"closed","ping_status":"closed","template":"","meta":{"footnotes":""},"class_list":["post-44","page","type-page","status-publish","has-post-thumbnail","hentry"],"_links":{"self":[{"href":"http:\/\/nepmesepont.hu\/tatabanya\/wp-json\/wp\/v2\/pages\/44","targetHints":{"allow":["GET"]}}],"collection":[{"href":"http:\/\/nepmesepont.hu\/tatabanya\/wp-json\/wp\/v2\/pages"}],"about":[{"href":"http:\/\/nepmesepont.hu\/tatabanya\/wp-json\/wp\/v2\/types\/page"}],"author":[{"embeddable":true,"href":"http:\/\/nepmesepont.hu\/tatabanya\/wp-json\/wp\/v2\/users\/1"}],"replies":[{"embeddable":true,"href":"http:\/\/nepmesepont.hu\/tatabanya\/wp-json\/wp\/v2\/comments?post=44"}],"version-history":[{"count":11,"href":"http:\/\/nepmesepont.hu\/tatabanya\/wp-json\/wp\/v2\/pages\/44\/revisions"}],"predecessor-version":[{"id":309,"href":"http:\/\/nepmesepont.hu\/tatabanya\/wp-json\/wp\/v2\/pages\/44\/revisions\/309"}],"wp:featuredmedia":[{"embeddable":true,"href":"http:\/\/nepmesepont.hu\/tatabanya\/wp-json\/wp\/v2\/media\/30"}],"wp:attachment":[{"href":"http:\/\/nepmesepont.hu\/tatabanya\/wp-json\/wp\/v2\/media?parent=44"}],"curies":[{"name":"wp","href":"https:\/\/api.w.org\/{rel}","templated":true}]}}