{"id":367,"date":"2020-06-24T20:48:59","date_gmt":"2020-06-24T20:48:59","guid":{"rendered":"http:\/\/nepmesepont.hu\/sopron\/?page_id=367"},"modified":"2023-01-14T13:45:32","modified_gmt":"2023-01-14T13:45:32","slug":"a-projektrol","status":"publish","type":"page","link":"http:\/\/nepmesepont.hu\/sopron\/a-projektrol\/","title":{"rendered":"A PROJEKTR\u0150L"},"content":{"rendered":"<p>A projekt azonos\u00edt\u00f3 sz\u00e1ma: EFOP-3.3.4-17-2017-00006<\/p>\n<p>&#8211; A projekt c\u00edme: Soproni mes\u00e9k<\/p>\n<p>&#8211; Kedvezm\u00e9nyezett neve: Pro Kult\u00fara Sopron<\/p>\n<p>&#8211; Szerz\u0151d\u00f6tt t\u00e1mogat\u00e1s \u00f6sszege: 79.825.733 Ft<\/p>\n<p>&#8211; A t\u00e1mogat\u00e1s intenzit\u00e1sa: 100 %<\/p>\n<p>&#8211; A Projekt megval\u00f3s\u00edt\u00e1si id\u0151szak\u00e1nak kezd\u0151 id\u0151pontja: 2018.02.01.<\/p>\n<p>&#8211; A Projekt fizikai befejez\u00e9s\u00e9nek tervezett napja: 2021.06.30.<\/p>\n<p><img loading=\"lazy\" decoding=\"async\" class=\"alignnone size-large wp-image-69\" src=\"http:\/\/nepmesepont.hu\/sopron\/wp-content\/uploads\/sites\/6\/2018\/08\/efop_3_3_4_17_2017_00006_c_fekvo_nyomdai_Sopron-1024x729.jpg\" alt=\"\" width=\"920\" height=\"655\" srcset=\"http:\/\/nepmesepont.hu\/sopron\/wp-content\/uploads\/sites\/6\/2018\/08\/efop_3_3_4_17_2017_00006_c_fekvo_nyomdai_Sopron-1024x729.jpg 1024w, http:\/\/nepmesepont.hu\/sopron\/wp-content\/uploads\/sites\/6\/2018\/08\/efop_3_3_4_17_2017_00006_c_fekvo_nyomdai_Sopron-300x214.jpg 300w, http:\/\/nepmesepont.hu\/sopron\/wp-content\/uploads\/sites\/6\/2018\/08\/efop_3_3_4_17_2017_00006_c_fekvo_nyomdai_Sopron-768x547.jpg 768w, http:\/\/nepmesepont.hu\/sopron\/wp-content\/uploads\/sites\/6\/2018\/08\/efop_3_3_4_17_2017_00006_c_fekvo_nyomdai_Sopron-492x350.jpg 492w, http:\/\/nepmesepont.hu\/sopron\/wp-content\/uploads\/sites\/6\/2018\/08\/efop_3_3_4_17_2017_00006_c_fekvo_nyomdai_Sopron-150x107.jpg 150w\" sizes=\"auto, (max-width: 920px) 100vw, 920px\" \/><\/p>\n","protected":false},"excerpt":{"rendered":"<p>A projekt azonos\u00edt\u00f3 sz\u00e1ma: EFOP-3.3.4-17-2017-00006 &#8211; A projekt c\u00edme: Soproni mes\u00e9k &#8211; Kedvezm\u00e9nyezett neve: Pro Kult\u00fara Sopron &#8211; Szerz\u0151d\u00f6tt t\u00e1mogat\u00e1s \u00f6sszege: 79.825.733 Ft &#8211; A t\u00e1mogat\u00e1s intenzit\u00e1sa: 100 % &#8211; A Projekt megval\u00f3s\u00edt\u00e1si id\u0151szak\u00e1nak kezd\u0151 id\u0151pontja: 2018.02.01. &#8211; A Projekt fizikai befejez\u00e9s\u00e9nek tervezett napja: 2021.06.30. <a class=\"continue-reading-link\" href=\"http:\/\/nepmesepont.hu\/sopron\/a-projektrol\/\">Continue reading<\/a><\/p>\n","protected":false},"author":1,"featured_media":0,"parent":0,"menu_order":0,"comment_status":"closed","ping_status":"closed","template":"","meta":{"footnotes":""},"class_list":["post-367","page","type-page","status-publish","hentry"],"_links":{"self":[{"href":"http:\/\/nepmesepont.hu\/sopron\/wp-json\/wp\/v2\/pages\/367","targetHints":{"allow":["GET"]}}],"collection":[{"href":"http:\/\/nepmesepont.hu\/sopron\/wp-json\/wp\/v2\/pages"}],"about":[{"href":"http:\/\/nepmesepont.hu\/sopron\/wp-json\/wp\/v2\/types\/page"}],"author":[{"embeddable":true,"href":"http:\/\/nepmesepont.hu\/sopron\/wp-json\/wp\/v2\/users\/1"}],"replies":[{"embeddable":true,"href":"http:\/\/nepmesepont.hu\/sopron\/wp-json\/wp\/v2\/comments?post=367"}],"version-history":[{"count":4,"href":"http:\/\/nepmesepont.hu\/sopron\/wp-json\/wp\/v2\/pages\/367\/revisions"}],"predecessor-version":[{"id":432,"href":"http:\/\/nepmesepont.hu\/sopron\/wp-json\/wp\/v2\/pages\/367\/revisions\/432"}],"wp:attachment":[{"href":"http:\/\/nepmesepont.hu\/sopron\/wp-json\/wp\/v2\/media?parent=367"}],"curies":[{"name":"wp","href":"https:\/\/api.w.org\/{rel}","templated":true}]}}