{"id":19,"date":"2018-08-22T12:51:57","date_gmt":"2018-08-22T12:51:57","guid":{"rendered":"http:\/\/nepmesepont.hu\/sopron\/?page_id=19"},"modified":"2019-01-08T09:43:19","modified_gmt":"2019-01-08T09:43:19","slug":"kapcsolat","status":"publish","type":"page","link":"http:\/\/nepmesepont.hu\/sopron\/kapcsolat\/","title":{"rendered":"Kapcsolat"},"content":{"rendered":"<p style=\"font-weight: 400;text-align: center\">Soproni N\u00e9pmesepont<\/p>\n<p style=\"font-weight: 400;text-align: center\">Liszt Ferenc Kultur\u00e1lis K\u00f6zpont (alagsor)<\/p>\n<p style=\"font-weight: 400;text-align: center\">El\u00e9rhet\u0151s\u00e9gek:<\/p>\n<p style=\"font-weight: 400;text-align: center\">9400 Sopron, Liszt Ferenc u. 1.<\/p>\n<p style=\"font-weight: 400;text-align: center\">Tel-sz\u00e1m: 99\/517-525<\/p>\n<p style=\"font-weight: 400;text-align: center\">Email:\u00a0<a href=\"mailto:info@prokultura.hu\">nepmese@prokultura.hu<\/a><\/p>\n","protected":false},"excerpt":{"rendered":"<p>Soproni N\u00e9pmesepont Liszt Ferenc Kultur\u00e1lis K\u00f6zpont (alagsor) El\u00e9rhet\u0151s\u00e9gek: 9400 Sopron, Liszt Ferenc u. 1. Tel-sz\u00e1m: 99\/517-525 Email:\u00a0nepmese@prokultura.hu <a class=\"continue-reading-link\" href=\"http:\/\/nepmesepont.hu\/sopron\/kapcsolat\/\">Continue reading<\/a><\/p>\n","protected":false},"author":1,"featured_media":0,"parent":0,"menu_order":0,"comment_status":"closed","ping_status":"closed","template":"","meta":{"footnotes":""},"class_list":["post-19","page","type-page","status-publish","hentry"],"_links":{"self":[{"href":"http:\/\/nepmesepont.hu\/sopron\/wp-json\/wp\/v2\/pages\/19","targetHints":{"allow":["GET"]}}],"collection":[{"href":"http:\/\/nepmesepont.hu\/sopron\/wp-json\/wp\/v2\/pages"}],"about":[{"href":"http:\/\/nepmesepont.hu\/sopron\/wp-json\/wp\/v2\/types\/page"}],"author":[{"embeddable":true,"href":"http:\/\/nepmesepont.hu\/sopron\/wp-json\/wp\/v2\/users\/1"}],"replies":[{"embeddable":true,"href":"http:\/\/nepmesepont.hu\/sopron\/wp-json\/wp\/v2\/comments?post=19"}],"version-history":[{"count":5,"href":"http:\/\/nepmesepont.hu\/sopron\/wp-json\/wp\/v2\/pages\/19\/revisions"}],"predecessor-version":[{"id":184,"href":"http:\/\/nepmesepont.hu\/sopron\/wp-json\/wp\/v2\/pages\/19\/revisions\/184"}],"wp:attachment":[{"href":"http:\/\/nepmesepont.hu\/sopron\/wp-json\/wp\/v2\/media?parent=19"}],"curies":[{"name":"wp","href":"https:\/\/api.w.org\/{rel}","templated":true}]}}