{"id":982,"date":"2018-09-03T11:46:22","date_gmt":"2018-09-03T11:46:22","guid":{"rendered":"http:\/\/nepmesepont.hu\/miskolc\/?page_id=982"},"modified":"2022-10-31T11:50:38","modified_gmt":"2022-10-31T11:50:38","slug":"sajtokozlemeny","status":"publish","type":"page","link":"http:\/\/nepmesepont.hu\/miskolc\/sajtokozlemeny\/","title":{"rendered":"Sajt\u00f3k\u00f6zlem\u00e9ny"},"content":{"rendered":"<p style=\"text-align: justify;\">Miskolc, 2018.09.03.<br \/>\nVOKE V\u00f6r\u00f6smarty Mih\u00e1ly M\u0171vel\u0151d\u00e9si H\u00e1z<br \/>\n\u201cG\u00d6M\u00d6RORSZ\u00c1G KAPUJA\u201d MISKOLCI N\u00c9PMESEPONT<br \/>\n2018. SZEPTEMBER 8-\u00c1N N\u00c9PMESEPONT NY\u00cdLIK MISKOLCON\u00a079,99 milli\u00f3 forint vissza nem t\u00e9r\u00edtend\u0151 t\u00e1mogat\u00e1st nyert el Miskolcon a VOKE V\u00f6r\u00f6smarty Mih\u00e1ly\u00a0 M\u0171vel\u0151d\u00e9si H\u00e1z egy \u00faj k\u00f6z\u00f6ss\u00e9gi csal\u00e1di sz\u00ednt\u00e9r, a \u201eG\u00f6m\u00f6rorsz\u00e1g Kapuja\u201d elnevez\u00e9s\u0171\u00a0 N\u00e9pmesePont\u00a0 l\u00e9trehoz\u00e1s\u00e1ra \u00e9s m\u0171k\u00f6dtet\u00e9s\u00e9re, az EFOP-3.3.4-17-2017-00014 k\u00f3dsz\u00e1m\u00fa program keret\u00e9ben.<\/p>\n<p style=\"text-align: justify;\">A\u00a0belv\u00e1ros k\u00f6zel\u00e9ben, egy nagym\u00e9ret\u0171 polg\u00e1ri otthonban, komoly \u00e1talak\u00edt\u00e1sok ut\u00e1n, az Eur\u00f3pai Uni\u00f3 \u00e9s\u00a0a Magyar Korm\u00e1ny t\u00e1mogat\u00e1s\u00e1val egy modern, \u00e1m a n\u00e9phagyom\u00e1nyokat k\u00f6z\u00e9ppontba helyez\u0151\u00a0N\u00e9pmesePont j\u00f6n l\u00e9tre.<\/p>\n<p style=\"text-align: justify;\">Az \u00e9p\u00fcletben 110 n\u00e9gyzetm\u00e9teren, 4 \u201eMeset\u00e9rben\u201d 72 k\u00fcl\u00f6nb\u00f6z\u0151 t\u00edpus\u00fa\u00a0programot \u2013 klubfoglalkoz\u00e1sokat, m\u0171v\u00e9szeti \u00e9s alkot\u00f3 csoportokat, \u00e9l\u0151szavas mesemond\u00e1st, csal\u00e1di\u00a0napokat, mesemond\u00f3 versenyeket, kultur\u00e1lis \u00f3r\u00e1kat, t\u00e1borokat, sz\u00ednj\u00e1tsz\u00f3 \u00e9s b\u00e1bfoglalkoz\u00e1st is\u00a0tartanak a k\u00f6vetkez\u0151 h\u00e1rom \u00e9vben.<\/p>\n<p style=\"text-align: justify;\">A hagyom\u00e1nyos magyar n\u00e9pmesekincs k\u00f6znevel\u00e9sbe t\u00f6rt\u00e9n\u0151 be\u00e9p\u00edt\u00e9se, az eg\u00e9sz \u00e9leten \u00e1t tart\u00f3 tanul\u00e1s \u00e9s\u00a0a h\u00e1tr\u00e1nyos helyzet\u0171 fiatalok kompetenciafejleszt\u00e9se, a n\u00e9pi trad\u00edci\u00f3k r\u00e9v\u00e9n a hagyom\u00e1ny\u0151rz\u00e9s, valamint az\u00a0\u00e9rt\u00e9kes kultur\u00e1lis id\u0151t\u00f6lt\u00e9s c\u00e9lj\u00e1b\u00f3l 13 oktat\u00e1si int\u00e9zm\u00e9nnyel k\u00f6t\u00f6tt meg\u00e1llapod\u00e1st a VOKE VMMH, \u00f6sszesen\u00a0t\u00f6bb mint 2000 tanul\u00f3 bevon\u00e1s\u00e1val.<\/p>\n<p style=\"text-align: justify;\">Az \u00faj N\u00e9pmesePont egyedi l\u00e1tv\u00e1nyvil\u00e1ggal, modern eszk\u00f6zrendszerrel, tradicion\u00e1lis \u00e9rt\u00e9kek\u00a0t\u00e1rh\u00e1z\u00e1val, ugyanakkor innovat\u00edv megold\u00e1sokkal, az ifj\u00fas\u00e1g XXI. sz\u00e1zadi elv\u00e1r\u00e1sainak, ig\u00e9nyeinek<br \/>\nmegfelelve v\u00e1rja a megyesz\u00e9khelyr\u0151l \u00e9s a k\u00f6rnyez\u0151 telep\u00fcl\u00e9sekr\u0151l \u00e9rkez\u0151 l\u00e1togat\u00f3kat, az ifj\u00fas\u00e1g mellett a\u00a0csal\u00e1dokat is.\u00a0A miskolci N\u00e9pmesePontban lehet\u0151s\u00e9g ny\u00edlik a K\u00e1rp\u00e1t-medencei magyars\u00e1g h\u00e1rom nagy t\u00e1jegys\u00e9g\u00e9nek\u00a0(Felf\u00f6ld, Alf\u00f6ld, Partium) mesekincs\u00e9nek bemutat\u00e1s\u00e1ra. melyek megegyeznek abban, hogy egyar\u00e1nt\u00a0kedveltek benne M\u00e1ty\u00e1s kir\u00e1ly mes\u00e9i.<\/p>\n<p style=\"text-align: justify;\">A projekt megval\u00f3s\u00edt\u00e1sa h\u00e1rom \u00e9v alatt, \u00f6sszess\u00e9g\u00e9ben, ezern\u00e9l is\u00a0t\u00f6bb programot jelent majd.<br \/>\nA szeptember 8-\u00e1n, d\u00e9lel\u0151tt 11:00 \u00f3rakor Miskolcon a Solt\u00e9sz Nagy K\u00e1lm\u00e1n utca 1. fsz.4 sz\u00e1m alatt\u00a0kezd\u0151d\u0151 N\u00e9pmesePont megnyit\u00f3n k\u00f6sz\u00f6nt\u0151t mond Dr. S\u00f6lch Gell\u00e9rt helyettes \u00e1llamtitk\u00e1r, G\u0151z Brigitta, a\u00a0VOKE V\u00f6r\u00f6smarty Mih\u00e1ly M\u0171vel\u0151d\u00e9si H\u00e1z int\u00e9zm\u00e9nyvezet\u0151je, a N\u00e9pmesePont szakmai vezet\u0151je \u00e9s Dr.\u00a0Lutter Imre, a Magyar Versmond\u00f3k Egyes\u00fclet\u00e9nek eln\u00f6ke, a Magyar Kult\u00fara Lovagja, a Magyar Arany\u00a0\u00c9rdemkereszt kit\u00fcntetettje.<\/p>\n<p style=\"text-align: justify;\">A megnyit\u00f3n k\u00f6zrem\u0171k\u00f6dik Z\u00e1mborszky Eszter mesemond\u00f3. A nap tov\u00e1bbi\u00a0r\u00e9sz\u00e9ben 12:00 \u00f3r\u00e1t\u00f3l a VOKE V\u00f6r\u00f6smarty Mih\u00e1ly M\u0171vel\u0151d\u00e9si H\u00e1zban mesesz\u00ednh\u00e1z, k\u00e9zm\u0171ves\u00a0foglalkoz\u00e1sok, interakt\u00edv t\u00e1rsasj\u00e1t\u00e9k, mesemond\u00f3k, zen\u00e9s el\u0151ad\u00e1s \u00e9s sz\u00e1mos meglepet\u00e9s v\u00e1rja a\u00a0k\u00f6z\u00f6ns\u00e9get. Fell\u00e9pnek Huzella P\u00e9ter Kossuth-d\u00edjas zeneszerz\u0151, a K\u00e1v\u00e9sz\u00fcnet egy\u00fcttes \u00e9s a Kalamajka\u00a0b\u00e1bsz\u00ednh\u00e1z. A rendezv\u00e9ny f\u0151v\u00e9dn\u00f6ke Dr. R\u00e9tv\u00e1ri Bence, az Emberi Er\u0151forr\u00e1sok Miniszt\u00e9rium\u00e1nak\u00a0parlamenti \u00e1llamtitk\u00e1ra.<\/p>\n<p style=\"text-align: justify;\">\nA N\u00e9pmesePontot a h\u00e1rom \u00e9ves p\u00e1ly\u00e1zati id\u0151szakon t\u00fal is m\u0171k\u00f6dtetni fogj\u00e1k. A c\u00e9l, hogy a hely a csal\u00e1di\u00a0\u00e9let egyik fontos pontja legyen, autentikus k\u00f6rnyezetben \u00e9s programokkal.<br \/>\nA projekt az Eur\u00f3pai Uni\u00f3 t\u00e1mogat\u00e1s\u00e1val, az Eur\u00f3pai Szoci\u00e1lis Alap t\u00e1rsfinansz\u00edroz\u00e1s\u00e1val val\u00f3sul meg.<\/p>\n<p style=\"text-align: justify;\">\nEl\u00e9rhet\u0151s\u00e9gek:<br \/>\nVOKE V\u00f6r\u00f6smarty Mih\u00e1ly M\u0171vel\u0151d\u00e9si H\u00e1z<\/p>\n<p style=\"text-align: justify;\">3530 Miskolc, Lenke u. 14\/a.<br \/>\nTel: 46\/508-909, e-mail: voke@vorosmartymuvhaz.hu<\/p>\n","protected":false},"excerpt":{"rendered":"<p>Miskolc, 2018.09.03. VOKE V\u00f6r\u00f6smarty Mih\u00e1ly M\u0171vel\u0151d\u00e9si H\u00e1z \u201cG\u00d6M\u00d6RORSZ\u00c1G KAPUJA\u201d MISKOLCI N\u00c9PMESEPONT 2018. SZEPTEMBER 8-\u00c1N N\u00c9PMESEPONT NY\u00cdLIK MISKOLCON\u00a079,99 milli\u00f3 forint vissza nem t\u00e9r\u00edtend\u0151 t\u00e1mogat\u00e1st nyert el Miskolcon a VOKE V\u00f6r\u00f6smarty Mih\u00e1ly\u00a0 M\u0171vel\u0151d\u00e9si H\u00e1z egy \u00faj k\u00f6z\u00f6ss\u00e9gi csal\u00e1di sz\u00ednt\u00e9r, a \u201eG\u00f6m\u00f6rorsz\u00e1g Kapuja\u201d elnevez\u00e9s\u0171\u00a0 N\u00e9pmesePont\u00a0 l\u00e9trehoz\u00e1s\u00e1ra \u00e9s m\u0171k\u00f6dtet\u00e9s\u00e9re, az EFOP-3.3.4-17-2017-00014 k\u00f3dsz\u00e1m\u00fa program keret\u00e9ben&#8230;. <a class=\"continue-reading-link\" href=\"http:\/\/nepmesepont.hu\/miskolc\/sajtokozlemeny\/\">Continue reading<\/a><\/p>\n","protected":false},"author":1,"featured_media":0,"parent":0,"menu_order":0,"comment_status":"closed","ping_status":"closed","template":"","meta":{"footnotes":""},"class_list":["post-982","page","type-page","status-publish","hentry"],"_links":{"self":[{"href":"http:\/\/nepmesepont.hu\/miskolc\/wp-json\/wp\/v2\/pages\/982","targetHints":{"allow":["GET"]}}],"collection":[{"href":"http:\/\/nepmesepont.hu\/miskolc\/wp-json\/wp\/v2\/pages"}],"about":[{"href":"http:\/\/nepmesepont.hu\/miskolc\/wp-json\/wp\/v2\/types\/page"}],"author":[{"embeddable":true,"href":"http:\/\/nepmesepont.hu\/miskolc\/wp-json\/wp\/v2\/users\/1"}],"replies":[{"embeddable":true,"href":"http:\/\/nepmesepont.hu\/miskolc\/wp-json\/wp\/v2\/comments?post=982"}],"version-history":[{"count":1,"href":"http:\/\/nepmesepont.hu\/miskolc\/wp-json\/wp\/v2\/pages\/982\/revisions"}],"predecessor-version":[{"id":983,"href":"http:\/\/nepmesepont.hu\/miskolc\/wp-json\/wp\/v2\/pages\/982\/revisions\/983"}],"wp:attachment":[{"href":"http:\/\/nepmesepont.hu\/miskolc\/wp-json\/wp\/v2\/media?parent=982"}],"curies":[{"name":"wp","href":"https:\/\/api.w.org\/{rel}","templated":true}]}}