{"id":19,"date":"2018-08-22T12:51:57","date_gmt":"2018-08-22T12:51:57","guid":{"rendered":"http:\/\/nepmesepont.hu\/miskolc\/?page_id=19"},"modified":"2022-10-31T11:43:05","modified_gmt":"2022-10-31T11:43:05","slug":"kapcsolat","status":"publish","type":"page","link":"http:\/\/nepmesepont.hu\/miskolc\/kapcsolat\/","title":{"rendered":"Kapcsolat"},"content":{"rendered":"<p style=\"font-weight: 400;\">Fenntart\u00f3 El\u00e9rhet\u0151s\u00e9gek:<\/p>\n<p style=\"font-weight: 400;\">VOKE V\u00f6r\u00f6smarty Mih\u00e1ly M\u0171vel\u0151d\u00e9si H\u00e1z<\/p>\n<p style=\"font-weight: 400;\">3530 Miskolc, Lenke utca 14\/a.<\/p>\n<p style=\"font-weight: 400;\">Tel.\/Fax: 46\/508-909, 30\/432-2722<\/p>\n<p style=\"font-weight: 400;\">E-mail:\u00a0<a href=\"mailto:voke@vorosmartymuvhaz.hu\">voke@vorosmartymuvhaz.hu<\/a><\/p>\n<p style=\"font-weight: 400;\">Honlap:\u00a0<a href=\"http:\/\/www.vorosmartymuvhaz.hu\/\" data-saferedirecturl=\"https:\/\/www.google.com\/url?q=http:\/\/www.vorosmartymuvhaz.hu&amp;source=gmail&amp;ust=1667296488102000&amp;usg=AOvVaw0c1JP-QFIadJcveFT9Owof\">www.vorosmartymuvhaz.hu<\/a><\/p>\n<p style=\"font-weight: 400;\">\n<p style=\"font-weight: 400;\">\n<p style=\"font-weight: 400;\">Miskolci N\u00e9pmesepont\u201eG\u00f6m\u00f6rorsz\u00e1g Kapuja\u201d el\u00e9rhet\u0151s\u00e9gek<\/p>\n<p style=\"font-weight: 400;\">3527 Miskolc Solt\u00e9sz Nagy K\u00e1lm\u00e1n utca 1 Fsz\/4<\/p>\n<p style=\"font-weight: 400;\">Tel.\/Fax: 30\/432-2722<\/p>\n<p style=\"font-weight: 400;\">Email:\u00a0<a href=\"mailto:miskolc@nepmesepont.hu\">miskolc@nepmesepont.hu<\/a><\/p>\n<p style=\"font-weight: 400;\">Honlap:\u00a0<a href=\"http:\/\/miskolc.nepmesepont.hu\/\" data-saferedirecturl=\"https:\/\/www.google.com\/url?q=http:\/\/miskolc.nepmesepont.hu&amp;source=gmail&amp;ust=1667296488102000&amp;usg=AOvVaw2kf_QvXMoqIl5QwUu8maw1\">miskolc.nepmesepont.hu<\/a><\/p>\n<p>&nbsp;<\/p>\n","protected":false},"excerpt":{"rendered":"<p>Fenntart\u00f3 El\u00e9rhet\u0151s\u00e9gek: VOKE V\u00f6r\u00f6smarty Mih\u00e1ly M\u0171vel\u0151d\u00e9si H\u00e1z 3530 Miskolc, Lenke utca 14\/a. Tel.\/Fax: 46\/508-909, 30\/432-2722 E-mail:\u00a0voke@vorosmartymuvhaz.hu Honlap:\u00a0www.vorosmartymuvhaz.hu Miskolci N\u00e9pmesepont\u201eG\u00f6m\u00f6rorsz\u00e1g Kapuja\u201d el\u00e9rhet\u0151s\u00e9gek 3527 Miskolc Solt\u00e9sz Nagy K\u00e1lm\u00e1n utca 1 Fsz\/4 Tel.\/Fax: 30\/432-2722 Email:\u00a0miskolc@nepmesepont.hu Honlap:\u00a0miskolc.nepmesepont.hu &nbsp; <a class=\"continue-reading-link\" href=\"http:\/\/nepmesepont.hu\/miskolc\/kapcsolat\/\">Continue reading<\/a><\/p>\n","protected":false},"author":1,"featured_media":0,"parent":0,"menu_order":0,"comment_status":"closed","ping_status":"closed","template":"","meta":{"footnotes":""},"class_list":["post-19","page","type-page","status-publish","hentry"],"_links":{"self":[{"href":"http:\/\/nepmesepont.hu\/miskolc\/wp-json\/wp\/v2\/pages\/19","targetHints":{"allow":["GET"]}}],"collection":[{"href":"http:\/\/nepmesepont.hu\/miskolc\/wp-json\/wp\/v2\/pages"}],"about":[{"href":"http:\/\/nepmesepont.hu\/miskolc\/wp-json\/wp\/v2\/types\/page"}],"author":[{"embeddable":true,"href":"http:\/\/nepmesepont.hu\/miskolc\/wp-json\/wp\/v2\/users\/1"}],"replies":[{"embeddable":true,"href":"http:\/\/nepmesepont.hu\/miskolc\/wp-json\/wp\/v2\/comments?post=19"}],"version-history":[{"count":9,"href":"http:\/\/nepmesepont.hu\/miskolc\/wp-json\/wp\/v2\/pages\/19\/revisions"}],"predecessor-version":[{"id":981,"href":"http:\/\/nepmesepont.hu\/miskolc\/wp-json\/wp\/v2\/pages\/19\/revisions\/981"}],"wp:attachment":[{"href":"http:\/\/nepmesepont.hu\/miskolc\/wp-json\/wp\/v2\/media?parent=19"}],"curies":[{"name":"wp","href":"https:\/\/api.w.org\/{rel}","templated":true}]}}