{"id":17,"date":"2018-08-22T12:51:50","date_gmt":"2018-08-22T12:51:50","guid":{"rendered":"http:\/\/nepmesepont.hu\/miskolc\/?page_id=17"},"modified":"2018-12-05T09:04:21","modified_gmt":"2018-12-05T09:04:21","slug":"a-fenntartorol","status":"publish","type":"page","link":"http:\/\/nepmesepont.hu\/miskolc\/a-fenntartorol\/","title":{"rendered":"A fenntart\u00f3r\u00f3l"},"content":{"rendered":"<p><strong>A VOKE V\u00f6r\u00f6smarty Mih\u00e1ly M\u0171vel\u0151d\u00e9si H\u00e1z bemutat\u00e1sa<\/strong><\/p>\n<p>&nbsp;<\/p>\n<p>M\u00e1r az 1890 \u00e9vekt\u0151l kezdve a vasutasok \u00e9l\u00e9nk k\u00f6z\u00f6ss\u00e9gi \u00e9letet \u00e9ltek, dal\u00e1rd\u00e1kat, k\u00f6nyvt\u00e1rakat, \u00f6nk\u00e9pz\u0151 k\u00f6r\u00f6ket m\u0171k\u00f6dtettek.<\/p>\n<p>A <strong>VOKE V\u00f6r\u00f6smarty Mih\u00e1ly M\u0171vel\u0151d\u00e9si H\u00e1z<\/strong> a Vasutas Orsz\u00e1gos K\u00f6zm\u0171vel\u0151d\u00e9si \u00e9s Szabadid\u0151 Egyes\u00fclet tagjak\u00e9nt jelent\u0151s k\u00f6zm\u0171vel\u0151d\u00e9si feladatokat v\u00e1llal \u00e9s l\u00e1t el. C\u00e9lunk, hogy a lakoss\u00e1g sz\u00e9les k\u00f6r\u00e9nek ny\u00fajtsunk lehet\u0151s\u00e9get egyr\u00e9szt a k\u00f6z\u00f6ss\u00e9gi m\u0171vel\u0151d\u00e9sre, m\u00e1sr\u00e9szt a kultur\u00e1lt t\u00e1rsas egy\u00fcttl\u00e9tre. Int\u00e9zm\u00e9ny\u00fcnk a belv\u00e1ros egyik lak\u00f3telepi r\u00e9sz\u00e9nek szomsz\u00e9ds\u00e1g\u00e1ban, csal\u00e1di h\u00e1zas \u00f6vezetben, k\u00f6zvetlen\u00fcl a vas\u00fat mellett helyezkedik el. A m\u0171vel\u0151d\u00e9si h\u00e1zban sz\u00ednes, tartalmas \u00e9let folyik. 20 m\u0171v\u00e9szeti csoport \u00e9s klub tal\u00e1lt otthonra n\u00e1lunk. A csoportok foglalkoz\u00e1sai mellett rendezv\u00e9nyek sokas\u00e1gaib\u00f3l v\u00e1logathatnak az idel\u00e1togat\u00f3k, \u00fagymint: t\u00e1nch\u00e1zak, szakk\u00f6ri foglalkoz\u00e1sok, ki\u00e1ll\u00edt\u00e1sok, ismeretterjeszt\u0151 el\u0151ad\u00e1sok, \u00fcnnepi megeml\u00e9kez\u00e9sek, ny\u00e1ri t\u00e1borok. V\u00e1llalt c\u00e9lkit\u0171z\u00e9seink k\u00f6z\u00f6tt szerepel a gyermekek \u00e9s csal\u00e1dok k\u00f6z\u00f6s programjainak biztos\u00edt\u00e1sa, az es\u00e9lyegyenl\u0151s\u00e9g megteremt\u00e9se \u00e9s a gener\u00e1ci\u00f3k k\u00f6z\u00f6tti egy\u00fcttm\u0171k\u00f6d\u00e9s seg\u00edt\u00e9se, az \u00f6nk\u00e9ntes munka r\u00e9v\u00e9n t\u00f6rt\u00e9n\u0151 t\u00e1rsadalmi szerepv\u00e1llal\u00e1s er\u0151s\u00edt\u00e9se.<\/p>\n<p>Int\u00e9zm\u00e9ny\u00fcnk fenntart\u00e1sban m\u0171k\u00f6dik \u201eG\u00f6m\u00f6rorsz\u00e1g Kapuja\u201d n\u00e9ven a miskolci N\u00e9pmesePont, melyet egy nagym\u00e9ret\u0171 polg\u00e1ri otthonba rendezt\u00fcnk be. Kis l\u00e9tsz\u00e1m\u00fa iskolai csoportokat \u00e9s csal\u00e1dokat fogadunk, de szabadon is l\u00e1togathat\u00f3k a programjaink az \u00e9rdekl\u0151d\u0151k sz\u00e1m\u00e1ra.<\/p>\n<p>&nbsp;<\/p>\n<p style=\"background: white; margin: 0cm 0cm 12.0pt 0cm;\"><span style=\"font-family: 'Bree serif',serif;\">VOKE V\u00f6r\u00f6smarty Mih\u00e1ly M\u0171vel\u0151d\u00e9si H\u00e1z<\/span><\/p>\n<p style=\"background: white; margin: 0cm 0cm 12.0pt 0cm;\"><span style=\"font-family: 'Bree serif',serif;\">Int\u00e9zm\u00e9nyvezet\u0151: Somorjai Lehel<\/span><\/p>\n<p style=\"background: white; margin: 0cm 0cm 12.0pt 0cm;\"><span style=\"font-family: 'Bree serif',serif;\">3530 Miskolc, Lenke utca 14\/a.<\/span><\/p>\n<p style=\"background: white; margin: 0cm 0cm 12.0pt 0cm;\"><span style=\"font-family: 'Bree serif',serif;\">Tel.\/Fax: 46\/508-909, 30\/432-2722<\/span><\/p>\n<p style=\"background: white; margin: 0cm 0cm 12.0pt 0cm;\"><span style=\"font-family: 'Bree serif',serif;\">E-mail: <\/span><a href=\"mailto:voke@vorosmartymuvhaz.hu\"><span style=\"font-family: 'Bree serif',serif; color: windowtext; text-decoration: none; text-underline: none;\">voke@vorosmartymuvhaz.hu<\/span><\/a><\/p>\n<p style=\"background: white; margin: 0cm 0cm 12.0pt 0cm;\"><span style=\"font-family: 'Bree serif',serif;\">Honlap: <\/span><a href=\"http:\/\/www.vorosmartymuvhaz.hu\"><span style=\"font-family: 'Bree serif',serif; color: windowtext; text-decoration: none; text-underline: none;\">www.vorosmartymuvhaz.hu<\/span><\/a><\/p>\n<p style=\"background: white; margin: 0cm 0cm 12.0pt 0cm;\"><span style=\"font-family: 'Bree serif',serif;\">Ad\u00f3sz\u00e1m: 19066998-1-05<\/span><\/p>\n","protected":false},"excerpt":{"rendered":"<p>A VOKE V\u00f6r\u00f6smarty Mih\u00e1ly M\u0171vel\u0151d\u00e9si H\u00e1z bemutat\u00e1sa &nbsp; M\u00e1r az 1890 \u00e9vekt\u0151l kezdve a vasutasok \u00e9l\u00e9nk k\u00f6z\u00f6ss\u00e9gi \u00e9letet \u00e9ltek, dal\u00e1rd\u00e1kat, k\u00f6nyvt\u00e1rakat, \u00f6nk\u00e9pz\u0151 k\u00f6r\u00f6ket m\u0171k\u00f6dtettek. A VOKE V\u00f6r\u00f6smarty Mih\u00e1ly M\u0171vel\u0151d\u00e9si H\u00e1z a Vasutas Orsz\u00e1gos K\u00f6zm\u0171vel\u0151d\u00e9si \u00e9s Szabadid\u0151 Egyes\u00fclet tagjak\u00e9nt jelent\u0151s k\u00f6zm\u0171vel\u0151d\u00e9si feladatokat v\u00e1llal \u00e9s l\u00e1t el. C\u00e9lunk, hogy a lakoss\u00e1g sz\u00e9les&#8230; <a class=\"continue-reading-link\" href=\"http:\/\/nepmesepont.hu\/miskolc\/a-fenntartorol\/\">Continue reading<\/a><\/p>\n","protected":false},"author":1,"featured_media":0,"parent":0,"menu_order":0,"comment_status":"closed","ping_status":"closed","template":"","meta":{"footnotes":""},"class_list":["post-17","page","type-page","status-publish","hentry"],"_links":{"self":[{"href":"http:\/\/nepmesepont.hu\/miskolc\/wp-json\/wp\/v2\/pages\/17","targetHints":{"allow":["GET"]}}],"collection":[{"href":"http:\/\/nepmesepont.hu\/miskolc\/wp-json\/wp\/v2\/pages"}],"about":[{"href":"http:\/\/nepmesepont.hu\/miskolc\/wp-json\/wp\/v2\/types\/page"}],"author":[{"embeddable":true,"href":"http:\/\/nepmesepont.hu\/miskolc\/wp-json\/wp\/v2\/users\/1"}],"replies":[{"embeddable":true,"href":"http:\/\/nepmesepont.hu\/miskolc\/wp-json\/wp\/v2\/comments?post=17"}],"version-history":[{"count":5,"href":"http:\/\/nepmesepont.hu\/miskolc\/wp-json\/wp\/v2\/pages\/17\/revisions"}],"predecessor-version":[{"id":264,"href":"http:\/\/nepmesepont.hu\/miskolc\/wp-json\/wp\/v2\/pages\/17\/revisions\/264"}],"wp:attachment":[{"href":"http:\/\/nepmesepont.hu\/miskolc\/wp-json\/wp\/v2\/media?parent=17"}],"curies":[{"name":"wp","href":"https:\/\/api.w.org\/{rel}","templated":true}]}}