{"id":15,"date":"2018-08-22T12:51:40","date_gmt":"2018-08-22T12:51:40","guid":{"rendered":"http:\/\/nepmesepont.hu\/miskolc\/?page_id=15"},"modified":"2022-10-31T11:19:41","modified_gmt":"2022-10-31T11:19:41","slug":"a-nepmesepontrol","status":"publish","type":"page","link":"http:\/\/nepmesepont.hu\/miskolc\/a-nepmesepontrol\/","title":{"rendered":"A N\u00e9pmesePontr\u00f3l"},"content":{"rendered":"<h3 style=\"text-align: center;\">\u201eG\u00f6m\u00f6rorsz\u00e1g Kapuja\u201d<\/h3>\n<p>A miskolci N\u00e9pmesePontban lehet\u0151s\u00e9g ny\u00edlik arra, hogy a K\u00e1rp\u00e1t-medencei magyars\u00e1g h\u00e1rom nagy t\u00e1jegys\u00e9g\u00e9nek mesekincs\u00e9t bemutathassuk, f\u0151leg \u00e9l\u0151szavas n\u00e9pmesemond\u00e1s keret\u00e9ben. Miskolcot \u00e9szakr\u00f3l a Felf\u00f6ld, nyugatr\u00f3l az Alf\u00f6ld, keletr\u0151l pedig a Partium, Erd\u00e9ly \u00f6vezi.<\/p>\n<p>A h\u00e1rom nagy t\u00e1jegys\u00e9g k\u00fcl\u00f6nb\u00f6z\u0151s\u00e9gei ellen\u00e9re megegyeznek abban, hogy egyar\u00e1nt kedveltek benne a magyar n\u00e9pmes\u00e9k. M\u00e1ty\u00e1s kir\u00e1ly mes\u00e9i a j\u00f3 \u00e9s igazs\u00e1gos kir\u00e1ly idealiz\u00e1lt alakj\u00e1t mutatja be, aki minden k\u00f6r\u00fclm\u00e9nyek k\u00f6z\u00f6tt meg tudja k\u00fcl\u00f6nb\u00f6ztetni a j\u00f3t a rosszt\u00f3l \u00e9s ez alapj\u00e1n cselekszik.<\/p>\n<p>A sz\u00ednes mot\u00edvumkincsekkel illusztr\u00e1lt t\u00e9r lehet\u0151s\u00e9get ad a mes\u00e9k vil\u00e1g\u00e1nak \u00e1t\u00e9l\u00e9s\u00e9re. A k\u00e9zm\u0171ves \u00e9s egy\u00e9b foglalkoz\u00e1sok mellett pedig megismerhetj\u00fck a magyar n\u00e9p tradicion\u00e1lis mesters\u00e9geit, melyek M\u00e1ty\u00e1s kir\u00e1ly udvar\u00e1ban is jelen voltak.<\/p>\n<p>A g\u00f6m\u00f6ri hagyom\u00e1nyok bemutat\u00e1s\u00e1val lehet\u0151s\u00e9g ny\u00edlik arra is, hogy a felvid\u00e9ki magyars\u00e1g hagyom\u00e1nyait, t\u00f6rt\u00e9nelm\u00e9t is jobban megismerhess\u00e9k a l\u00e1togat\u00f3k. A k\u00fcl\u00f6nb\u00f6z\u0151 foglalkoz\u00e1sok sor\u00e1n nemcsak n\u00e9pmes\u00e9kkel ismerkedhetnek meg, hanem a modern technikai kieg\u00e9sz\u00edt\u0151k seg\u00edts\u00e9g\u00e9vel saj\u00e1t mes\u00e9ket hozhatnak l\u00e9tre a gyerekek. Kipr\u00f3b\u00e1lhatj\u00e1k magukat mesemond\u00f3k\u00e9nt vagy b\u00e1bozhatnak a saj\u00e1t maguk \u00e1ltal k\u00e9sz\u00edtett figur\u00e1kkal a b\u00e1bsarokban .<\/p>\n<p>A mesefolyos\u00f3ra bel\u00e9pve teljes\u00fclhet egy k\u00edv\u00e1ns\u00e1guk, ha bedobj\u00e1k egy papirosra \u00edrva M\u00e1ty\u00e1s kir\u00e1ly k\u00edv\u00e1ns\u00e1g k\u00fatj\u00e1ba. Tov\u00e1bb barangolva a tr\u00f3nterm\u00e9be l\u00e9phet\u00fcnk, ahol a kir\u00e1lyi tr\u00f3nsz\u00e9kbe \u00fclve n\u00e9pmes\u00e9t hallhatnak \u00e9s n\u00e9zhetnek a kicsik \u00e9s nagyok egyar\u00e1nt.<\/p>\n<p>A boszork\u00e1nykonyh\u00e1ban pedig a boszork\u00e1ny seg\u00edts\u00e9g\u00e9vel leshetik el a var\u00e1zsl\u00e1s tudom\u00e1ny\u00e1t. Innen a nagy v\u00e1r ir\u00e1ny\u00e1ba v\u00e1ndorolhatunk, tov\u00e1bb ahol \u00fajabb kalandokra ker\u00fcl sor, amit megtudhatnak, ha ell\u00e1togatnak hozz\u00e1nk.<\/p>\n<p>&nbsp;<\/p>\n<p>&nbsp;<\/p>\n","protected":false},"excerpt":{"rendered":"<p>\u201eG\u00f6m\u00f6rorsz\u00e1g Kapuja\u201d A miskolci N\u00e9pmesePontban lehet\u0151s\u00e9g ny\u00edlik arra, hogy a K\u00e1rp\u00e1t-medencei magyars\u00e1g h\u00e1rom nagy t\u00e1jegys\u00e9g\u00e9nek mesekincs\u00e9t bemutathassuk, f\u0151leg \u00e9l\u0151szavas n\u00e9pmesemond\u00e1s keret\u00e9ben. Miskolcot \u00e9szakr\u00f3l a Felf\u00f6ld, nyugatr\u00f3l az Alf\u00f6ld, keletr\u0151l pedig a Partium, Erd\u00e9ly \u00f6vezi. A h\u00e1rom nagy t\u00e1jegys\u00e9g k\u00fcl\u00f6nb\u00f6z\u0151s\u00e9gei ellen\u00e9re megegyeznek abban, hogy egyar\u00e1nt kedveltek benne a magyar n\u00e9pmes\u00e9k. M\u00e1ty\u00e1s&#8230; <a class=\"continue-reading-link\" href=\"http:\/\/nepmesepont.hu\/miskolc\/a-nepmesepontrol\/\">Continue reading<\/a><\/p>\n","protected":false},"author":1,"featured_media":0,"parent":0,"menu_order":0,"comment_status":"closed","ping_status":"closed","template":"","meta":{"footnotes":""},"class_list":["post-15","page","type-page","status-publish","hentry"],"_links":{"self":[{"href":"http:\/\/nepmesepont.hu\/miskolc\/wp-json\/wp\/v2\/pages\/15","targetHints":{"allow":["GET"]}}],"collection":[{"href":"http:\/\/nepmesepont.hu\/miskolc\/wp-json\/wp\/v2\/pages"}],"about":[{"href":"http:\/\/nepmesepont.hu\/miskolc\/wp-json\/wp\/v2\/types\/page"}],"author":[{"embeddable":true,"href":"http:\/\/nepmesepont.hu\/miskolc\/wp-json\/wp\/v2\/users\/1"}],"replies":[{"embeddable":true,"href":"http:\/\/nepmesepont.hu\/miskolc\/wp-json\/wp\/v2\/comments?post=15"}],"version-history":[{"count":11,"href":"http:\/\/nepmesepont.hu\/miskolc\/wp-json\/wp\/v2\/pages\/15\/revisions"}],"predecessor-version":[{"id":974,"href":"http:\/\/nepmesepont.hu\/miskolc\/wp-json\/wp\/v2\/pages\/15\/revisions\/974"}],"wp:attachment":[{"href":"http:\/\/nepmesepont.hu\/miskolc\/wp-json\/wp\/v2\/media?parent=15"}],"curies":[{"name":"wp","href":"https:\/\/api.w.org\/{rel}","templated":true}]}}