{"id":19,"date":"2018-08-22T12:51:57","date_gmt":"2018-08-22T12:51:57","guid":{"rendered":"http:\/\/nepmesepont.hu\/kiskunfelegyhaza\/?page_id=19"},"modified":"2018-08-30T08:08:07","modified_gmt":"2018-08-30T08:08:07","slug":"kapcsolat","status":"publish","type":"page","link":"http:\/\/nepmesepont.hu\/kiskunfelegyhaza\/kapcsolat\/","title":{"rendered":"Kapcsolat"},"content":{"rendered":"<p><strong><em>SZAKMAK\u00d6ZI M\u0170VEL\u0150D\u00c9SI H\u00c1Z K\u00d6ZHASZN\u00da EGYES\u00dcLET <\/em><\/strong><\/p>\n<p><strong><em>6100 KISKUNF\u00c9LEGYH\u00c1ZA, Szent J\u00e1nos t\u00e9r 3.<\/em><\/strong><\/p>\n<p><strong><em>Telefonsz\u00e1m: 06 70\u00a0360 6100<\/em><\/strong><\/p>\n<p><strong><em>e-mail:\u00a0<a href=\"http:\/\/administrator@nepmesepont.hu\/kiskunfelegyhaza\">administrator@nepmesepont.hu\/kiskunfelegyhaza<\/a><\/em><\/strong><\/p>\n","protected":false},"excerpt":{"rendered":"<p>SZAKMAK\u00d6ZI M\u0170VEL\u0150D\u00c9SI H\u00c1Z K\u00d6ZHASZN\u00da EGYES\u00dcLET 6100 KISKUNF\u00c9LEGYH\u00c1ZA, Szent J\u00e1nos t\u00e9r 3. Telefonsz\u00e1m: 06 70\u00a0360 6100 e-mail:\u00a0administrator@nepmesepont.hu\/kiskunfelegyhaza <a class=\"continue-reading-link\" href=\"http:\/\/nepmesepont.hu\/kiskunfelegyhaza\/kapcsolat\/\">Continue reading<\/a><\/p>\n","protected":false},"author":1,"featured_media":0,"parent":0,"menu_order":0,"comment_status":"closed","ping_status":"closed","template":"","meta":{"footnotes":""},"class_list":["post-19","page","type-page","status-publish","hentry"],"_links":{"self":[{"href":"http:\/\/nepmesepont.hu\/kiskunfelegyhaza\/wp-json\/wp\/v2\/pages\/19","targetHints":{"allow":["GET"]}}],"collection":[{"href":"http:\/\/nepmesepont.hu\/kiskunfelegyhaza\/wp-json\/wp\/v2\/pages"}],"about":[{"href":"http:\/\/nepmesepont.hu\/kiskunfelegyhaza\/wp-json\/wp\/v2\/types\/page"}],"author":[{"embeddable":true,"href":"http:\/\/nepmesepont.hu\/kiskunfelegyhaza\/wp-json\/wp\/v2\/users\/1"}],"replies":[{"embeddable":true,"href":"http:\/\/nepmesepont.hu\/kiskunfelegyhaza\/wp-json\/wp\/v2\/comments?post=19"}],"version-history":[{"count":5,"href":"http:\/\/nepmesepont.hu\/kiskunfelegyhaza\/wp-json\/wp\/v2\/pages\/19\/revisions"}],"predecessor-version":[{"id":108,"href":"http:\/\/nepmesepont.hu\/kiskunfelegyhaza\/wp-json\/wp\/v2\/pages\/19\/revisions\/108"}],"wp:attachment":[{"href":"http:\/\/nepmesepont.hu\/kiskunfelegyhaza\/wp-json\/wp\/v2\/media?parent=19"}],"curies":[{"name":"wp","href":"https:\/\/api.w.org\/{rel}","templated":true}]}}