{"id":17,"date":"2018-08-22T12:51:50","date_gmt":"2018-08-22T12:51:50","guid":{"rendered":"http:\/\/nepmesepont.hu\/kiskunfelegyhaza\/?page_id=17"},"modified":"2018-08-30T07:31:41","modified_gmt":"2018-08-30T07:31:41","slug":"a-fenntartorol","status":"publish","type":"page","link":"http:\/\/nepmesepont.hu\/kiskunfelegyhaza\/a-fenntartorol\/","title":{"rendered":"A fenntart\u00f3r\u00f3l"},"content":{"rendered":"<p><img loading=\"lazy\" decoding=\"async\" class=\"aligncenter wp-image-68 size-full\" src=\"http:\/\/nepmesepont.hu\/kiskunfelegyhaza\/wp-content\/uploads\/sites\/8\/2018\/08\/fenntart\u00f3rol.jpg\" alt=\"\" width=\"960\" height=\"576\" srcset=\"http:\/\/nepmesepont.hu\/kiskunfelegyhaza\/wp-content\/uploads\/sites\/8\/2018\/08\/fenntart\u00f3rol.jpg 960w, http:\/\/nepmesepont.hu\/kiskunfelegyhaza\/wp-content\/uploads\/sites\/8\/2018\/08\/fenntart\u00f3rol-300x180.jpg 300w, http:\/\/nepmesepont.hu\/kiskunfelegyhaza\/wp-content\/uploads\/sites\/8\/2018\/08\/fenntart\u00f3rol-768x461.jpg 768w, http:\/\/nepmesepont.hu\/kiskunfelegyhaza\/wp-content\/uploads\/sites\/8\/2018\/08\/fenntart\u00f3rol-583x350.jpg 583w, http:\/\/nepmesepont.hu\/kiskunfelegyhaza\/wp-content\/uploads\/sites\/8\/2018\/08\/fenntart\u00f3rol-150x90.jpg 150w\" sizes=\"auto, (max-width: 960px) 100vw, 960px\" \/><\/p>\n<h4 style=\"text-align: center;\"><em><u>A Szakmak\u00f6zi M\u0171vel\u0151d\u00e9si H\u00e1z<\/u><\/em><\/h4>\n<p>A Tarj\u00e1nyi-k\u00faria \u2013 Szab\u00f3 J\u00e1nos h\u00e1z a XIX. sz\u00e1zad els\u0151 fel\u00e9ben \u00e9p\u00fclt, klasszicista st\u00edlusban, amelynek a tervez\u0151je ismeretlen mester. Az \u00e9p\u00fclet Kiskunf\u00e9legyh\u00e1z\u00e1n a Szent J\u00e1nos t\u00e9r 3. sz\u00e1m alatt tal\u00e1lhat\u00f3.<\/p>\n<p>Az egykori kisnemesi k\u00fari\u00e1t a nemes Szab\u00f3-csal\u00e1d \u00e9p\u00edtette. K\u00e9s\u0151bb, az \u00e9p\u00fclet a Tarj\u00e1nyi-csal\u00e1d tulajdon\u00e1ba ker\u00fclt.<\/p>\n<p>A m\u0171eml\u00e9k jelleg\u0171 f\u00f6ldszintes \u00e9p\u00fclet, L-alaprajz\u00fa, k\u00e9ttraktusos elrendez\u00e9s\u0171. A hossz\u00fa udvari r\u00e9sz\u00e9n k\u0151lappal burkolt torn\u00e1c van, amely naps\u00fct\u00e9st\u0151l, sz\u00e9lt\u0151l, es\u0151t\u0151l \u00f3vja, v\u00e9di az \u00e9p\u00fcletet. A torn\u00e1cot t\u00edz darab feh\u00e9rre meszelt, k\u00f6r alaprajz\u00fa, f\u00fcgg\u0151leges oszlop d\u00edsz\u00edti. A Tarj\u00e1nyi-k\u00faria kapuj\u00e1n a csal\u00e1d c\u00edmere is helyet kapott, amely napjainkban m\u00e1r sajnos nem l\u00e1that\u00f3. Az \u00e9p\u00fcletet az elm\u00falt m\u00e1sf\u00e9l \u00e9vsz\u00e1zad alatt t\u00f6bbsz\u00f6r is \u00e1t\u00e9p\u00edtett\u00e9k.<\/p>\n<p>Az \u00e9p\u00fclet, amelyben a Szakmak\u00f6zi M\u0171vel\u0151d\u00e9si H\u00e1z K\u00f6zhaszn\u00fa Egyes\u00fclet napjainkban is m\u0171k\u00f6dik a v\u00e1ros k\u00f6zpontj\u00e1ban, frekvent\u00e1lt helyen tal\u00e1lhat\u00f3.<\/p>\n<p>A Szab\u00f3 \u00e9s Tarj\u00e1nyiak polg\u00e1ri h\u00e1z\u00e1t az \u00e1llamos\u00edt\u00e1s ideje alatt az \u00e1llam kisaj\u00e1t\u00edtotta, \u00edgy k\u00f6zint\u00e9zm\u00e9nny\u00e9 v\u00e1lt.<\/p>\n<p>1961-t\u0151l a G\u00e9pgy\u00e1r Kult\u00farh\u00e1za, \u00e9s 1968-t\u00f3l t\u00f6lti be a mai funkci\u00f3j\u00e1t.<\/p>\n<p>m\u00e1jus 31. a V\u00e1rosi Tan\u00e1cs kiadta a M\u0171k\u00f6d\u00e9si Enged\u00e9lyt a M\u0171vel\u0151d\u00e9si H\u00e1z sz\u00e1m\u00e1ra, \u00edgy 2018. m\u00e1jus 31.-\u00e9n a Szakmak\u00f6zi M\u0171vel\u0151d\u00e9si H\u00e1z az alap\u00edt\u00e1s\u00e1nak 50. \u00e9vfordul\u00f3j\u00e1t \u00fcnnepelte.<\/p>\n<p>Az 1968-ban alap\u00edtott M\u0171vel\u0151d\u00e9si H\u00e1z a \u201eSzakmak\u00f6zi\u201d nevet arr\u00f3l kapta, hogy a v\u00e1rosban jelen l\u00e9v\u0151 szakmai szakszervezetek k\u00f6z\u00f6s fenntart\u00e1s\u00fa m\u0171vel\u0151d\u00e9si otthon\u00e1v\u00e1 v\u00e1lt.<\/p>\n<p>Az elm\u00falt \u00e9vtizedek sor\u00e1n a Szakmak\u00f6zi M\u0171vel\u0151d\u00e9si H\u00e1z tev\u00e9kenys\u00e9ge, a h\u00e1z profilja megmarad\u00e1s\u00e1val a m\u0171k\u00f6d\u00e9si form\u00e1k v\u00e1ltoztak.<\/p>\n<p>2000-ben a Ter\u00fcleti M\u0171vel\u0151d\u00e9si Int\u00e9zm\u00e9nye Egyes\u00fclete \/TEMI\/ nevet visel\u0151 szervezetbe integr\u00e1l\u00f3dott \u00e9s azt k\u00f6vet\u0151en a TEMI Szakmak\u00f6zi M\u0171vel\u0151d\u00e9si H\u00e1z n\u00e9ven folytatta tev\u00e9kenys\u00e9g\u00e9t.<\/p>\n<p>2007-ben megalakult a Szakmak\u00f6zi M\u0171vel\u0151d\u00e9si H\u00e1z K\u00f6zhaszn\u00fa Egyes\u00fclet, \u00e9s ebb\u0151l ad\u00f3d\u00f3an 2008. janu\u00e1r 1-j\u00e9t\u0151l m\u00e1r ezen jogi keretek k\u00f6z\u00f6tt ny\u00fajtja a szolg\u00e1ltat\u00e1sait.<\/p>\n<p>A Szakmak\u00f6zi M\u0171vel\u0151d\u00e9si H\u00e1z megalakul\u00e1s\u00e1t\u00f3l kezdve, az 1970-es \u00e9s az 1980-as \u00e9vekben felv\u00e1llalta a munkahelyi m\u0171vel\u0151d\u00e9st, teret adott a munkahelyi k\u00f6z\u00f6ss\u00e9gek sz\u00e1m\u00e1ra a m\u0171vel\u0151d\u00e9shez, az ismeretek b\u0151v\u00edt\u00e9s\u00e9hez.<\/p>\n<p>Miut\u00e1n a v\u00e1ros nagy gy\u00e1rai megsz\u0171ntek, azok nyugd\u00edjasklubjait \u00e9s az \u00fajonnan alakult nyugd\u00edjas klubokat fogadta, illetve fogadja a mai napig.<\/p>\n<p>Jelenleg 13 nyugd\u00edjas klubnak. 3 egyes\u00fcletnek, 2 sportklubnak, 1 vall\u00e1si csoportnak \u00e9s 5egy\u00e9b csoportnak ad otthont. A v\u00e1ros lakoss\u00e1g\u00e1nak minden koroszt\u00e1lya megtal\u00e1lja \u00e9rdekl\u0151d\u00e9si k\u00f6r\u00e9nek megfelel\u0151 programj\u00e1t a Szakmak\u00f6ziben. Kiskunf\u00e9legyh\u00e1za V\u00e1ros \u00d6nkorm\u00e1nyzat\u00e1nak Szoci\u00e1lis \u00e9s M\u0171vel\u0151d\u00e9si Oszt\u00e1ly\u00e1val, \u00a0k\u00f6zm\u0171vel\u0151d\u00e9si meg\u00e1llapod\u00e1s keretein bel\u00fcl egy\u00fcttm\u0171k\u00f6dve szervezz\u00fck a v\u00e1ros k\u00fcl\u00f6nb\u00f6z\u0151 kultur\u00e1lis programjait.<\/p>\n<p>A Szakmak\u00f6zi M\u0171vel\u0151d\u00e9si H\u00e1z minden koroszt\u00e1ly sz\u00e1m\u00e1ra nyitott, a klubok, szakk\u00f6r\u00f6k tev\u00e9kenys\u00e9g\u00e9be, az itt foly\u00f3 munk\u00e1ba b\u00e1rki \u00e9rdekl\u0151d\u00e9s\u00e9nek megfelel\u0151en bekapcsol\u00f3dhat.<\/p>\n","protected":false},"excerpt":{"rendered":"<p>A Szakmak\u00f6zi M\u0171vel\u0151d\u00e9si H\u00e1z A Tarj\u00e1nyi-k\u00faria \u2013 Szab\u00f3 J\u00e1nos h\u00e1z a XIX. sz\u00e1zad els\u0151 fel\u00e9ben \u00e9p\u00fclt, klasszicista st\u00edlusban, amelynek a tervez\u0151je ismeretlen mester. Az \u00e9p\u00fclet Kiskunf\u00e9legyh\u00e1z\u00e1n a Szent J\u00e1nos t\u00e9r 3. sz\u00e1m alatt tal\u00e1lhat\u00f3. Az egykori kisnemesi k\u00fari\u00e1t a nemes Szab\u00f3-csal\u00e1d \u00e9p\u00edtette. K\u00e9s\u0151bb, az \u00e9p\u00fclet a Tarj\u00e1nyi-csal\u00e1d tulajdon\u00e1ba ker\u00fclt. A&#8230; <a class=\"continue-reading-link\" href=\"http:\/\/nepmesepont.hu\/kiskunfelegyhaza\/a-fenntartorol\/\">Continue reading<\/a><\/p>\n","protected":false},"author":1,"featured_media":0,"parent":0,"menu_order":0,"comment_status":"closed","ping_status":"closed","template":"","meta":{"footnotes":""},"class_list":["post-17","page","type-page","status-publish","hentry"],"_links":{"self":[{"href":"http:\/\/nepmesepont.hu\/kiskunfelegyhaza\/wp-json\/wp\/v2\/pages\/17","targetHints":{"allow":["GET"]}}],"collection":[{"href":"http:\/\/nepmesepont.hu\/kiskunfelegyhaza\/wp-json\/wp\/v2\/pages"}],"about":[{"href":"http:\/\/nepmesepont.hu\/kiskunfelegyhaza\/wp-json\/wp\/v2\/types\/page"}],"author":[{"embeddable":true,"href":"http:\/\/nepmesepont.hu\/kiskunfelegyhaza\/wp-json\/wp\/v2\/users\/1"}],"replies":[{"embeddable":true,"href":"http:\/\/nepmesepont.hu\/kiskunfelegyhaza\/wp-json\/wp\/v2\/comments?post=17"}],"version-history":[{"count":4,"href":"http:\/\/nepmesepont.hu\/kiskunfelegyhaza\/wp-json\/wp\/v2\/pages\/17\/revisions"}],"predecessor-version":[{"id":70,"href":"http:\/\/nepmesepont.hu\/kiskunfelegyhaza\/wp-json\/wp\/v2\/pages\/17\/revisions\/70"}],"wp:attachment":[{"href":"http:\/\/nepmesepont.hu\/kiskunfelegyhaza\/wp-json\/wp\/v2\/media?parent=17"}],"curies":[{"name":"wp","href":"https:\/\/api.w.org\/{rel}","templated":true}]}}